 = -2*r. Let d be ((-63)/4)/(3 - 13/4). Suppose -2*l - 1 = -d. Calculate the greatest common divisor of l and y.
31
Let v be -5 + 6/(-2) + 2. Let a = v - 18. Let x = 33 + a. What is the greatest common divisor of 6 and x?
3
Suppose 2*z - 2 = 0, 5*x - 3*z = -5*z + 32. Suppose d + 5*h - x = h, 4*h = 0. Calculate the greatest common divisor of d and 114.
6
Suppose -3*x - 117 = 5*h - 1735, 4*x + 5*h = 2149. Suppose -422*a = -256*a - 215*a + 2891. What is the highest common factor of a and x?
59
Let a(b) = -b**2 - 33*b - 27. Let d be a(-6). Let l be (156/390)/(1/d). What is the highest common factor of l and 12?
6
Let r(k) = -3*k - 3. Let w be r(-4). Suppose w*v - 2040 = 6*v. What is the highest common divisor of 17 and v?
17
Let t = 640 + -357. Let a = t - 282. Let j(c) = -c**2 - 8*c - 9. Let z be j(-6). What is the highest common factor of z and a?
1
Let t be 111 + -8 - (3 + 0)*-1. Let l = t + 9. Calculate the greatest common factor of 23 and l.
23
Let o = -20561 + 24611. What is the greatest common factor of o and 1650?
150
Suppose 241 = -4*v - 3*s + 8*s, -5*v = -5*s + 305. Let w = 196 + v. Let b = 28 - 16. Calculate the greatest common divisor of b and w.
12
Let z be 156*(704/33 - 9). Calculate the greatest common factor of 1184 and z.
148
Let n(i) = 10*i - 90. Let m be n(10). Suppose 27 = m*b - 7*b. Let x be 10/5 - (-2 + -68). Calculate the greatest common factor of b and x.
9
Let j = 6410 + -6340. What is the highest common factor of j and 610?
10
Let h be -6 - (-792)/(-6 + 9). Let i be (-11)/((-44)/h)*4/6. What is the highest common divisor of 43 and i?
43
Let z be -100*((-108)/15)/9. Let u be 180/(-8)*z/(-6). What is the greatest common divisor of u and 60?
60
Let h be (15 - (-19 - -6)) + -7 + 0. What is the highest common divisor of h and 1029?
21
Let t = -170 + 258. Let k(j) = j. Let x(r) = 2*r**2 - 4*r + 4. Let s(y) = 4*k(y) + x(y). Let q be s(-3). Calculate the greatest common factor of q and t.
22
Let p be (-3861)/(-81) + ((-2)/(-2))/3. Suppose 43*m + 25 = 48*m. Suppose m*i - 59 = -l, 5*i - l = 10 + 51. Calculate the greatest common divisor of i and p.
12
Let b(w) = 34*w - 35. Let f be b(31). Suppose -f = -10*d + 101. Calculate the greatest common factor of 144 and d.
16
Let o(b) = -b**3 + 23*b**2 - 26*b + 88. Let z be o(22). Suppose m - 80 = -4*j, 5*j + z*j - 4*m - 121 = 0. What is the highest common factor of 399 and j?
21
Let n = 38 - -6. Suppose 0 = 3*g + 4*p + 276 - 284, -3 = 3*p. What is the greatest common divisor of g and n?
4
Let t be (-568)/(-28) - (-2)/(-7). Suppose -43*n + 9218 + 10562 = 0. Calculate the highest common divisor of t and n.
20
Let b(r) = r**2 - 7*r - 2. Let x be b(5). Let z be (-4 - 88/x)*3. Let t(l) = 11*l - 11. Let h be t(z). Calculate the greatest common factor of h and 11.
11
Let v(x) = x - 9*x**2 - 13 + 24*x**2 - 14*x**2. Let h be v(-6). Let g = 22 - h. What is the highest common factor of g and 45?
5
Let g(o) be the second derivative of o**4/12 + 2*o**3 + 29*o**2/2 + o - 28. Let a be g(-9). Calculate the greatest common factor of a and 14.
2
Suppose 3*a + 12 = 2*a - 4*l, -3 = -2*a + l. Suppose -2*y + s + 602 = a, -1816 = -5*y - 3*s - 311. What is the highest common divisor of y and 172?
43
Let j be (605/(-44))/((-3)/12). Let x be ((-44)/(-6))/(6/27). Let r be (1 + -5)/((-6)/x). Calculate the greatest common divisor of r and j.
11
Suppose 2*b + 4*r - 94 = 0, 326*r - 330*r = -4*b + 212. Calculate the highest common factor of b and 136.
17
Suppose -16 = 2*k + 2*u, 11 = -3*k + u - 13. Let s be ((-36)/k + -3)*1144/3. Suppose t + 12*t - s = 0. What is the greatest common divisor of 308 and t?
44
Let z be (4/(-8))/((-25)/(-250)) - 3*-53. Calculate the highest common divisor of 231 and z.
77
Suppose 0 = 3117*q - 3150*q + 131736. Calculate the highest common factor of q and 16.
8
Let h(c) = 7*c**2 - 2*c - 15. Let o be h(5). Calculate the greatest common divisor of o and 960.
30
Let b be ((-3)/48)/(41/164) + (-77701)/(-4). Calculate the greatest common divisor of b and 25.
25
Suppose -72*s = -137937 - 295791. Calculate the highest common factor of 96 and s.
24
Let q(x) = x**2 - 6*x - 4. Let b be q(7). Suppose 44 = b*s - 46. Let d = s + -24. What is the highest common factor of 24 and d?
6
Let h(o) = o - 6. Let f be h(0). Let z = f - -9. Suppose z*n - r = 380, r + 120 = n - r. What is the highest common factor of n and 16?
16
Let i(y) = y**3 + 5. Let q be i(3). Let z(w) = 13*w**2 - 14*w + 72. Let c be z(4). Calculate the highest common divisor of q and c.
32
Let z be 578 + (-15 - -4 - -11). What is the highest common factor of 204 and z?
34
Let d(u) = -129*u + 4163. Let p be d(28). Calculate the highest common factor of 38 and p.
19
Let t = -14 - -19. Suppose 0 = -8*b + 9*b - t. Suppose b*u + j = -0*u + 259, -4*u + 184 = -5*j. What is the greatest common factor of 34 and u?
17
Let l = 203746 - 203676. Suppose 3*h = h + 112. What is the highest common divisor of h and l?
14
Suppose 3*o - 57 - 159 = 0. Let r = -57 + o. Let d = 3 + r. What is the greatest common factor of d and 2?
2
Suppose -21715 + 430 = 45*c. Let z = -332 - c. Calculate the highest common divisor of z and 94.
47
Let h(v) = -v**2 - 273*v + 1425. Let y be h(5). Calculate the highest common factor of 1169 and y.
7
Let g be (29161/(-33))/(5/(-15)). Calculate the highest common divisor of 11 and g.
11
Suppose -d + 3 = 2*n - 0*d, -5*n = -5*d - 45. Suppose 2*v - p = -1, 0*p + n*p + 1 = 3*v. Let a be v + 10/5 + 7. Calculate the highest common factor of a and 8.
8
Let g be -228*((-74)/111 - (-2)/6). Let o be (-36)/(-54) + 169/3. What is the greatest common factor of g and o?
19
Suppose 4*o + 108 = 6*o. Let g = 10166 - 10160. Calculate the greatest common factor of g and o.
6
Suppose 3*g + 405 = 11*s - 8*s, 2*s + 5*g = 207. Let m = -28 - -70. Calculate the greatest common divisor of s and m.
42
Suppose 4*w + 15*w = 7*w. Suppose 3*j = -v - w*v + 32, v = 3*j + 8. Calculate the greatest common factor of 110 and v.
10
Let u = 584 - 309. Let n = -203 + u. What is the greatest common divisor of n and 60?
12
Let r = -36 + 56. Suppose -369*o + 7570 + 22730 = -10290. Calculate the highest common divisor of o and r.
10
Let q(i) = -i**2 - 3*i + 15. Let j be q(3). Suppose 17 = d - 2*v, v - 32 = -0*d - 4*d. Let g be (-26)/j - 6/d. Calculate the highest common factor of 20 and g.
4
Suppose -a = -4*a + 6. Let i be (a - (-175)/15) + (-2)/(-6). Let l = 53 - i. Calculate the highest common factor of l and 26.
13
Suppose 14518 = 540*z - 30302. Let j be 6/((-12)/(-1328)*2). Calculate the highest common factor of j and z.
83
Let p = 332 + -171. Let x = -5395 - -5402. What is the greatest common factor of x and p?
7
Let a(g) = 36*g + 144. Let o(n) = n**3 - 9*n**2 - 2*n + 25. Let l be o(9). Let b be a(l). What is the highest common divisor of b and 44?
44
Suppose -37*g = 36*g - 88*g + 2490. Suppose -4 = 7*t - 9*t. Calculate the highest common divisor of t and g.
2
Suppose 6 = 2*a, l + 4*l - 4*a + 42 = 0. Let s be l - -15 - (7 - 0). Let k(d) = 2*d. Let c be k(5). Calculate the greatest common factor of c and s.
2
Let k(m) = m**2 + 122*m + 872. Let t be k(-7). What is the highest common divisor of 2144 and t?
67
Suppose -37 = -f - 28. Let z be 73/f - 2/18. Let d be (-8)/(-10)*10/4. What is the highest common factor of z and d?
2
Suppose -35*p + 24*p = -286. Let c(w) = 11*w - 216. Let g be c(p). Calculate the highest common divisor of g and 14.
14
Suppose -16031 = 121*t - 162*t. What is the highest common divisor of t and 833?
17
Let p(o) be the second derivative of o**5/20 + 3*o**3/2 - 5*o**2/2 + 2*o - 48. Let x be p(3). Calculate the highest common factor of 441 and x.
49
Let l be (-2 + 4)*(-4 + 2). Let s be 6*15/(-10) - l. Let m be (s - (-168)/30) + 524/10. Calculate the highest common divisor of 106 and m.
53
Suppose -3*h + 549 = -2*z + 6*z, -4*z + 4*h + 528 = 0. Let m = -2253 + 2334. What is the highest common factor of z and m?
27
Let j be 9/(-24) - (-111)/(-24). Let w be (-4)/j + 1/((-60)/(-31032)). Calculate the highest common divisor of 14 and w.
14
Let r be (78 + 0)/((8/28)/(40/210)). Calculate the greatest common factor of r and 2041.
13
Suppose 21*n = 505 - 1. Suppose 35 = -c + 419. Calculate the greatest common factor of n and c.
24
Let q be -3 - (-4 + 0) - -1. Supp